{"id":146,"date":"2024-08-18T23:40:29","date_gmt":"2024-08-18T21:40:29","guid":{"rendered":"https:\/\/digitalisierung-in-kommunen.de\/?page_id=146"},"modified":"2024-08-19T15:28:19","modified_gmt":"2024-08-19T13:28:19","slug":"digitale-souveraenitaet","status":"publish","type":"page","link":"https:\/\/digitalisierung-in-kommunen.de\/?page_id=146","title":{"rendered":"\u00bbDIGITALE\u00ab Souver\u00e4nit\u00e4t"},"content":{"rendered":"\t\t<div data-elementor-type=\"wp-page\" data-elementor-id=\"146\" class=\"elementor elementor-146\">\n\t\t\t\t<div class=\"elementor-element elementor-element-294ac7c e-con-full e-flex e-con e-parent\" data-id=\"294ac7c\" data-element_type=\"container\" data-e-type=\"container\">\n\t\t\t\t<div class=\"elementor-element elementor-element-f710771 elementor-widget elementor-widget-slider_revolution\" data-id=\"f710771\" data-element_type=\"widget\" data-e-type=\"widget\" data-widget_type=\"slider_revolution.default\">\n\t\t\t\t<div class=\"elementor-widget-container\">\n\t\t\t\t\t\n\t\t<div class=\"wp-block-themepunch-revslider\">\n\t\t\t<!-- START startslider REVOLUTION SLIDER 6.6.5 --><p class=\"rs-p-wp-fix\"><\/p>\n\t\t\t<rs-module-wrap id=\"rev_slider_1_1_wrapper\" data-source=\"gallery\" style=\"visibility:hidden;background:transparent;padding:0;margin:0px auto;margin-top:0;margin-bottom:0;\">\n\t\t\t\t<rs-module id=\"rev_slider_1_1\" style=\"\" data-version=\"6.6.5\">\n\t\t\t\t\t<rs-slides style=\"overflow: hidden; position: absolute;\">\n\t\t\t\t\t\t<rs-slide style=\"position: absolute;\" data-key=\"rs-1\" data-title=\"Slide\" data-in=\"o:0;\" data-out=\"a:false;\">\n\t\t\t\t\t\t\t<img fetchpriority=\"high\" decoding=\"async\" src=\"\/\/digitalisierung-in-kommunen.de\/wp-content\/plugins\/revslider\/public\/assets\/assets\/dummy.png\" alt=\"\" title=\"Anonymous,Shoppers,Walking,On,A,Shopping,High,Street\" width=\"2560\" height=\"1707\" class=\"rev-slidebg tp-rs-img rs-lazyload\" data-lazyload=\"\/\/digitalisierung-in-kommunen.de\/wp-content\/uploads\/2024\/08\/Smarte_Kommune-scaled.jpg\" data-no-retina>\n<!---->\t\t\t\t\t\t<\/rs-slide>\n\t\t\t\t\t<\/rs-slides>\n\t\t\t\t<\/rs-module>\n\t\t\t\t<script>\n\t\t\t\t\tsetREVStartSize({c: 'rev_slider_1_1',rl:[1240,1024,778,480],el:[550],gw:[1400],gh:[550],type:'standard',justify:'',layout:'fullwidth',mh:\"0\"});if (window.RS_MODULES!==undefined && window.RS_MODULES.modules!==undefined && window.RS_MODULES.modules[\"revslider11\"]!==undefined) {window.RS_MODULES.modules[\"revslider11\"].once = false;window.revapi1 = undefined;if (window.RS_MODULES.checkMinimal!==undefined) window.RS_MODULES.checkMinimal()}\n\t\t\t\t<\/script>\n\t\t\t<\/rs-module-wrap>\n\t\t\t<!-- END REVOLUTION SLIDER -->\n<\/div>\n\n\t\t\t\t\t\t<\/div>\n\t\t\t\t<\/div>\n\t\t\t\t<\/div>\n\t\t<div class=\"elementor-element elementor-element-d27ebcd e-flex e-con-boxed e-con e-parent\" data-id=\"d27ebcd\" data-element_type=\"container\" data-e-type=\"container\" data-settings=\"{&quot;background_background&quot;:&quot;classic&quot;}\">\n\t\t\t\t\t<div class=\"e-con-inner\">\n\t\t\t\t<div class=\"elementor-element elementor-element-02bee4e elementor-widget elementor-widget-text-editor\" data-id=\"02bee4e\" data-element_type=\"widget\" data-e-type=\"widget\" data-widget_type=\"text-editor.default\">\n\t\t\t\t<div class=\"elementor-widget-container\">\n\t\t\t\t\t\t\t\t\t<p>Sicherheit, Kontrolle, Unabh\u00e4ngigkeit<\/p>\t\t\t\t\t\t\t\t<\/div>\n\t\t\t\t<\/div>\n\t\t\t\t<div class=\"elementor-element elementor-element-2e9e524 elementor-widget elementor-widget-text-editor\" data-id=\"2e9e524\" data-element_type=\"widget\" data-e-type=\"widget\" data-widget_type=\"text-editor.default\">\n\t\t\t\t<div class=\"elementor-widget-container\">\n\t\t\t\t\t\t\t\t\t<p><b>\u00bb<\/b><b> DIGITALE <\/b><b>\u00ab<\/b><b> Souver\u00e4nit\u00e4t<\/b><\/p>\t\t\t\t\t\t\t\t<\/div>\n\t\t\t\t<\/div>\n\t\t\t\t\t<\/div>\n\t\t\t\t<\/div>\n\t\t<div class=\"elementor-element elementor-element-8b1387c e-flex e-con-boxed e-con e-parent\" data-id=\"8b1387c\" data-element_type=\"container\" data-e-type=\"container\" data-settings=\"{&quot;background_background&quot;:&quot;classic&quot;}\">\n\t\t\t\t\t<div class=\"e-con-inner\">\n\t\t<div class=\"elementor-element elementor-element-ecbb321 e-con-full e-flex e-con e-child\" data-id=\"ecbb321\" data-element_type=\"container\" data-e-type=\"container\">\n\t\t\t\t<div class=\"elementor-element elementor-element-384c2d1 elementor-widget elementor-widget-text-editor\" data-id=\"384c2d1\" data-element_type=\"widget\" data-e-type=\"widget\" data-widget_type=\"text-editor.default\">\n\t\t\t\t<div class=\"elementor-widget-container\">\n\t\t\t\t\t\t\t\t\t<p>Digitale Souver\u00e4nit\u00e4t ist f\u00fcr Kommunen entscheidend, um die Nutzung digitaler Technologien selbstbestimmt und sicher zu gestalten. Wenn sie die Kontrolle \u00fcber ihre Daten und Prozesse wahren, k\u00f6nnen sie nicht nur besser auf die Bed\u00fcrfnisse ihrer B\u00fcrger reagieren, sondern auch ihre Unabh\u00e4ngigkeit sichern.<\/p>\t\t\t\t\t\t\t\t<\/div>\n\t\t\t\t<\/div>\n\t\t\t\t<\/div>\n\t\t<div class=\"elementor-element elementor-element-084b21f e-con-full e-flex e-con e-child\" data-id=\"084b21f\" data-element_type=\"container\" data-e-type=\"container\">\n\t\t\t\t<div class=\"elementor-element elementor-element-ed1d546 elementor-widget elementor-widget-text-editor\" data-id=\"ed1d546\" data-element_type=\"widget\" data-e-type=\"widget\" data-widget_type=\"text-editor.default\">\n\t\t\t\t<div class=\"elementor-widget-container\">\n\t\t\t\t\t\t\t\t\t<p>Durch den konsequenten Schutz sensibler Daten und die Etablierung einer verantwortungsbewussten Datenpolitik gew\u00e4hrleisten Kommunen, dass ihre digitalen Dienste transparent, verl\u00e4sslich und gesetzeskonform sind. Die St\u00e4rkung dieser digitalen Selbstbestimmung bef\u00e4higt Kommunen, ihre Zukunft aktiv zu steuern und die Herausforderungen der Digitalisierung erfolgreich zu meistern.<\/p>\t\t\t\t\t\t\t\t<\/div>\n\t\t\t\t<\/div>\n\t\t\t\t<\/div>\n\t\t\t\t\t<\/div>\n\t\t\t\t<\/div>\n\t\t<div class=\"elementor-element elementor-element-f250767 e-flex e-con-boxed e-con e-parent\" data-id=\"f250767\" data-element_type=\"container\" data-e-type=\"container\" data-settings=\"{&quot;background_background&quot;:&quot;classic&quot;}\">\n\t\t\t\t\t<div class=\"e-con-inner\">\n\t\t\t\t<div class=\"elementor-element elementor-element-daca4fd elementor-widget elementor-widget-image\" data-id=\"daca4fd\" data-element_type=\"widget\" data-e-type=\"widget\" data-widget_type=\"image.default\">\n\t\t\t\t<div class=\"elementor-widget-container\">\n\t\t\t\t\t\t\t\t\t\t\t\t\t\t\t\t<a href=\"https:\/\/digitalisierung-in-kommunen.de\/wp-content\/uploads\/2024\/08\/Tabelle_Uebersicht_01.png\" data-elementor-open-lightbox=\"yes\" data-elementor-lightbox-title=\"Tabelle_Uebersicht_01\" data-e-action-hash=\"#elementor-action%3Aaction%3Dlightbox%26settings%3DeyJpZCI6MTA4LCJ1cmwiOiJodHRwczpcL1wvZGlnaXRhbGlzaWVydW5nLWluLWtvbW11bmVuLmRlXC93cC1jb250ZW50XC91cGxvYWRzXC8yMDI0XC8wOFwvVGFiZWxsZV9VZWJlcnNpY2h0XzAxLnBuZyJ9\">\n\t\t\t\t\t\t\t<img decoding=\"async\" width=\"732\" height=\"282\" src=\"https:\/\/digitalisierung-in-kommunen.de\/wp-content\/uploads\/2024\/08\/Tabelle_Uebersicht_01.png\" class=\"attachment-large size-large wp-image-108\" alt=\"\" srcset=\"https:\/\/digitalisierung-in-kommunen.de\/wp-content\/uploads\/2024\/08\/Tabelle_Uebersicht_01.png 732w, https:\/\/digitalisierung-in-kommunen.de\/wp-content\/uploads\/2024\/08\/Tabelle_Uebersicht_01-300x116.png 300w\" sizes=\"(max-width: 732px) 100vw, 732px\" \/>\t\t\t\t\t\t\t\t<\/a>\n\t\t\t\t\t\t\t\t\t\t\t\t\t\t\t<\/div>\n\t\t\t\t<\/div>\n\t\t\t\t\t<\/div>\n\t\t\t\t<\/div>\n\t\t<div class=\"elementor-element elementor-element-a53dd68 e-flex e-con-boxed e-con e-parent\" data-id=\"a53dd68\" data-element_type=\"container\" data-e-type=\"container\" data-settings=\"{&quot;background_background&quot;:&quot;classic&quot;}\">\n\t\t\t\t\t<div class=\"e-con-inner\">\n\t\t\t\t<div class=\"elementor-element elementor-element-8fa0911 elementor-widget elementor-widget-spacer\" data-id=\"8fa0911\" data-element_type=\"widget\" data-e-type=\"widget\" data-widget_type=\"spacer.default\">\n\t\t\t\t<div class=\"elementor-widget-container\">\n\t\t\t\t\t\t\t<div class=\"elementor-spacer\">\n\t\t\t<div class=\"elementor-spacer-inner\"><\/div>\n\t\t<\/div>\n\t\t\t\t\t\t<\/div>\n\t\t\t\t<\/div>\n\t\t\t\t\t<\/div>\n\t\t\t\t<\/div>\n\t\t\t\t<\/div>\n\t\t","protected":false},"excerpt":{"rendered":"<p>Sicherheit, Kontrolle, Unabh\u00e4ngigkeit \u00bb DIGITALE \u00ab Souver\u00e4nit\u00e4t Digitale Souver\u00e4nit\u00e4t ist f\u00fcr Kommunen entscheidend, um die Nutzung digitaler Technologien selbstbestimmt und sicher zu gestalten. Wenn sie die Kontrolle \u00fcber ihre Daten und Prozesse wahren, k\u00f6nnen sie nicht nur besser auf die Bed\u00fcrfnisse ihrer B\u00fcrger reagieren, sondern auch ihre Unabh\u00e4ngigkeit sichern. Durch den konsequenten Schutz sensibler Daten [&hellip;]<\/p>\n","protected":false},"author":1,"featured_media":0,"parent":0,"menu_order":4,"comment_status":"closed","ping_status":"closed","template":"page-full-width.php","meta":{"footnotes":""},"class_list":["post-146","page","type-page","status-publish","hentry"],"_links":{"self":[{"href":"https:\/\/digitalisierung-in-kommunen.de\/index.php?rest_route=\/wp\/v2\/pages\/146","targetHints":{"allow":["GET"]}}],"collection":[{"href":"https:\/\/digitalisierung-in-kommunen.de\/index.php?rest_route=\/wp\/v2\/pages"}],"about":[{"href":"https:\/\/digitalisierung-in-kommunen.de\/index.php?rest_route=\/wp\/v2\/types\/page"}],"author":[{"embeddable":true,"href":"https:\/\/digitalisierung-in-kommunen.de\/index.php?rest_route=\/wp\/v2\/users\/1"}],"replies":[{"embeddable":true,"href":"https:\/\/digitalisierung-in-kommunen.de\/index.php?rest_route=%2Fwp%2Fv2%2Fcomments&post=146"}],"version-history":[{"count":5,"href":"https:\/\/digitalisierung-in-kommunen.de\/index.php?rest_route=\/wp\/v2\/pages\/146\/revisions"}],"predecessor-version":[{"id":178,"href":"https:\/\/digitalisierung-in-kommunen.de\/index.php?rest_route=\/wp\/v2\/pages\/146\/revisions\/178"}],"wp:attachment":[{"href":"https:\/\/digitalisierung-in-kommunen.de\/index.php?rest_route=%2Fwp%2Fv2%2Fmedia&parent=146"}],"curies":[{"name":"wp","href":"https:\/\/api.w.org\/{rel}","templated":true}]}}